 common factor of 1512 and 56?
56
Calculate the highest common divisor of 138 and 3657.
69
Calculate the greatest common factor of 24 and 21.
3
Calculate the highest common factor of 1050 and 3360.
210
What is the highest common divisor of 406 and 899?
29
What is the greatest common divisor of 264 and 1760?
88
Calculate the greatest common factor of 270 and 10.
10
What is the greatest common divisor of 10804 and 740?
148
Calculate the highest common factor of 4518 and 54.
18
Calculate the highest common divisor of 420 and 6615.
105
What is the highest common divisor of 300 and 6375?
75
Calculate the greatest common factor of 20 and 350.
10
What is the highest common divisor of 2532 and 444?
12
Calculate the greatest common divisor of 297 and 792.
99
Calculate the greatest common factor of 3045 and 315.
105
What is the greatest common divisor of 14053 and 1495?
299
Calculate the highest common divisor of 28 and 133.
7
Calculate the greatest common factor of 30 and 810.
30
What is the greatest common factor of 200 and 8?
8
What is the greatest common factor of 92 and 4?
4
What is the highest common factor of 1540 and 840?
140
What is the greatest common factor of 104 and 3?
1
Calculate the greatest common divisor of 9562 and 14.
14
What is the highest common divisor of 780 and 520?
260
What is the greatest common divisor of 4328 and 24?
8
Calculate the highest common factor of 553 and 7.
7
Calculate the highest common factor of 34 and 5338.
34
Calculate the highest common divisor of 26 and 754.
26
What is the highest common divisor of 540 and 8?
4
What is the greatest common divisor of 208 and 39?
13
Calculate the highest common factor of 568 and 8.
8
What is the highest common factor of 39 and 1119?
3
Calculate the highest common divisor of 81 and 144.
9
What is the greatest common factor of 1170 and 1820?
130
Calculate the highest common divisor of 219 and 12.
3
Calculate the highest common factor of 5565 and 105.
105
What is the greatest common divisor of 1890 and 6048?
378
Calculate the highest common divisor of 17105 and 110.
55
Calculate the highest common factor of 18 and 12.
6
Calculate the highest common factor of 80 and 3344.
16
What is the highest common factor of 140 and 84?
28
What is the highest common divisor of 442 and 34?
34
What is the highest common divisor of 533 and 82?
41
Calculate the greatest common divisor of 214 and 2.
2
What is the greatest common factor of 10640 and 240?
80
Calculate the greatest common factor of 655 and 10218.
131
What is the highest common divisor of 109 and 545?
109
Calculate the highest common factor of 171 and 323.
19
Calculate the highest common factor of 286 and 44.
22
Calculate the greatest common divisor of 63 and 231.
21
Calculate the greatest common factor of 264 and 13584.
24
Calculate the highest common factor of 410 and 246.
82
What is the highest common factor of 33125 and 106?
53
Calculate the highest common factor of 142 and 1775.
71
Calculate the greatest common factor of 33 and 9.
3
What is the highest common factor of 12 and 378?
6
Calculate the highest common factor of 180 and 9540.
180
Calculate the highest common factor of 192 and 66.
6
What is the highest common divisor of 5 and 175?
5
What is the highest common divisor of 84 and 84?
84
Calculate the highest common factor of 210 and 3810.
30
Calculate the greatest common factor of 65 and 39.
13
What is the highest common factor of 24 and 3336?
24
Calculate the highest common factor of 28 and 1036.
28
Calculate the highest common factor of 2700 and 324.
108
Calculate the highest common divisor of 124 and 93.
31
Calculate the highest common divisor of 133 and 77.
7
What is the greatest common divisor of 6751 and 628?
157
What is the greatest common factor of 204 and 336?
12
What is the greatest common divisor of 236 and 59?
59
Calculate the greatest common divisor of 469 and 7.
7
What is the greatest common factor of 124 and 8?
4
Calculate the highest common divisor of 309 and 103.
103
Calculate the greatest common factor of 22 and 198.
22
Calculate the highest common factor of 70 and 6286.
14
What is the greatest common factor of 20 and 50?
10
What is the highest common factor of 16881 and 51?
51
What is the highest common divisor of 171 and 9?
9
What is the highest common factor of 16 and 108?
4
Calculate the greatest common divisor of 264 and 144.
24
What is the greatest common factor of 28609 and 61?
61
What is the greatest common factor of 4305 and 75?
15
Calculate the greatest common divisor of 6222 and 136.
34
What is the highest common divisor of 42 and 32298?
42
Calculate the greatest common factor of 505 and 5.
5
Calculate the highest common factor of 399 and 84.
21
What is the greatest common factor of 5776 and 32?
16
What is the highest common divisor of 540 and 36?
36
What is the greatest common factor of 76 and 247?
19
What is the highest common divisor of 252 and 63?
63
Calculate the greatest common divisor of 3597 and 33.
33
Calculate the highest common divisor of 10 and 230.
10
What is the greatest common factor of 12607 and 14?
7
What is the greatest common divisor of 18 and 15201?
9
Calculate the highest common factor of 34 and 67150.
34
Calculate the greatest common factor of 388 and 4.
4
Calculate the highest common divisor of 13 and 767.
13
Calculate the highest common factor of 832 and 26.
26
Calculate the greatest common divisor of 26910 and 180.
90
What is the highest common divisor of 7 and 329?
7
What is the highest common divisor of 2057 and 68?
17
What is the highest common factor of 2 and 25?
1
What is the greatest common divisor of 861 and 123?
123
Calculate the greatest common factor of 33 and 22.
11
What is the greatest common factor of 40 and 1984?
8
Calculate the greatest common factor of 4 and 1948.
4
Calculate the greatest common factor of 1 and 31.
1
What is the highest common divisor of 23 and 115?
23
What is the greatest common factor of 170 and 40?
10
What is the highest common divisor of 1716 and 528?
132
Calculate the highest common factor of 16904 and 8.
8
What is the highest common factor of 5709 and 165?
33
Calculate the highest common divisor of 11817 and 351.
117
What is the highest common divisor of 384 and 144?
48
Calculate the highest common factor of 32 and 18272.
32
What is the highest common factor of 7 and 623?
7
Calculate the greatest common divisor of 120 and 50.
10
What is the highest common factor of 12 and 3292?
4
What is the greatest common divisor of 78 and 3146?
26
Calculate the greatest common divisor of 12 and 534.
6
Calculate the highest common factor of 96 and 744.
24
Calculate the highest common divisor of 3937 and 635.
127
What is the greatest common divisor of 6392 and 136?
136
What is the greatest common divisor of 115 and 3933?
23
Calculate the highest common divisor of 4 and 52.
4
What is the highest common factor of 30 and 135?
15
Calculate the greatest common factor of 14 and 707.
7
Calculate the highest common divisor of 3 and 849.
3
What is the greatest common factor of 4455 and 825?
165
Calculate the highest common factor of 40 and 1700.
20
What is the highest common factor of 150 and 830?
10
What is the highest common divisor of 88 and 220?
44
What is the highest common divisor of 80 and 128?
16
What is the highest common factor of 323 and 817?
19
What is the greatest common divisor of 45 and 5?
5
Calculate the highest common factor of 38 and 19.
19
Calculate the highest common factor of 990 and 77.
11
What is the highest common factor of 26 and 143?
13
What is the highest common divisor of 144 and 960?
48
What is the greatest common divisor of 13 and 832?
13
Calculate the highest common divisor of 182 and 104.
26
Calculate the greatest common factor of 19 and 133.
19
What is the highest common factor of 285 and 228?
57
Calculate the greatest common divisor of 8856 and 54.
54
Calculate the highest common divisor of 72 and 1629.
9
Calculate the greatest common divisor of 3325 and 95.
95
Calculate the greatest common factor of 44 and 47256.
44
What is the highest common factor of 25 and 4825?
25
What is the greatest common divisor of 1007 and 53?
53
What is the highest common factor of 9 and 153?
9
What is the greatest common divisor of 288 and 160?